7 is divided by 331?
21
Calculate the remainder when 2112143 is divided by 8.
7
What is the remainder when 25397 is divided by 6240?
437
Calculate the remainder when 426523 is divided by 6.
1
What is the remainder when 2588 is divided by 652?
632
What is the remainder when 92443 is divided by 18469?
98
What is the remainder when 10526 is divided by 127?
112
Calculate the remainder when 278107 is divided by 55619.
12
What is the remainder when 41981 is divided by 49?
37
Calculate the remainder when 123939 is divided by 18.
9
What is the remainder when 2628 is divided by 316?
100
Calculate the remainder when 75977 is divided by 11.
0
What is the remainder when 29834 is divided by 17?
16
Calculate the remainder when 356250 is divided by 884.
882
Calculate the remainder when 37043 is divided by 1543.
11
What is the remainder when 26180 is divided by 641?
540
What is the remainder when 12750 is divided by 4247?
9
Calculate the remainder when 186646 is divided by 808.
806
Calculate the remainder when 14533 is divided by 10.
3
Calculate the remainder when 88400 is divided by 1498.
18
Calculate the remainder when 126780 is divided by 9.
6
What is the remainder when 52193 is divided by 10?
3
What is the remainder when 6314 is divided by 302?
274
Calculate the remainder when 163 is divided by 2.
1
Calculate the remainder when 3782 is divided by 172.
170
What is the remainder when 211 is divided by 161?
50
What is the remainder when 539042 is divided by 65?
62
Calculate the remainder when 63181 is divided by 60.
1
What is the remainder when 46396 is divided by 114?
112
Calculate the remainder when 562239 is divided by 320.
319
Calculate the remainder when 67119 is divided by 73.
32
What is the remainder when 7768 is divided by 1523?
153
Calculate the remainder when 27926 is divided by 9.
8
What is the remainder when 747 is divided by 178?
35
Calculate the remainder when 663694 is divided by 12.
10
What is the remainder when 98891 is divided by 6169?
187
Calculate the remainder when 1108 is divided by 1076.
32
What is the remainder when 12934 is divided by 12859?
75
What is the remainder when 14138 is divided by 1412?
18
What is the remainder when 1987 is divided by 851?
285
What is the remainder when 70640 is divided by 5044?
24
What is the remainder when 143844 is divided by 36?
24
Calculate the remainder when 325929 is divided by 16.
9
What is the remainder when 313385 is divided by 52229?
11
What is the remainder when 6267 is divided by 2083?
18
What is the remainder when 2978 is divided by 516?
398
Calculate the remainder when 10531 is divided by 66.
37
Calculate the remainder when 30837 is divided by 3424.
21
Calculate the remainder when 28248 is divided by 17.
11
Calculate the remainder when 103785 is divided by 961.
958
What is the remainder when 15001 is divided by 209?
162
What is the remainder when 2966 is divided by 407?
117
What is the remainder when 31875 is divided by 6373?
10
What is the remainder when 268758 is divided by 930?
918
Calculate the remainder when 9888 is divided by 964.
248
What is the remainder when 15217 is divided by 57?
55
Calculate the remainder when 4279 is divided by 1254.
517
Calculate the remainder when 716 is divided by 340.
36
Calculate the remainder when 723388 is divided by 508.
504
Calculate the remainder when 1450 is divided by 91.
85
Calculate the remainder when 42184 is divided by 398.
394
What is the remainder when 3278 is divided by 635?
103
What is the remainder when 1907 is divided by 810?
287
What is the remainder when 78398 is divided by 438?
434
What is the remainder when 23422 is divided by 221?
217
Calculate the remainder when 2530 is divided by 2498.
32
Calculate the remainder when 3657 is divided by 1094.
375
What is the remainder when 6624 is divided by 389?
11
Calculate the remainder when 201887 is divided by 97.
30
What is the remainder when 2153 is divided by 30?
23
What is the remainder when 810 is divided by 373?
64
Calculate the remainder when 602 is divided by 149.
6
What is the remainder when 34429 is divided by 1186?
35
Calculate the remainder when 26761 is divided by 59.
34
Calculate the remainder when 119945 is divided by 2263.
6
Calculate the remainder when 38175 is divided by 12.
3
What is the remainder when 206390 is divided by 4?
2
Calculate the remainder when 26443 is divided by 37.
25
Calculate the remainder when 81590 is divided by 20372.
102
Calculate the remainder when 8349 is divided by 7.
5
What is the remainder when 74424 is divided by 74392?
32
What is the remainder when 2350 is divided by 113?
90
Calculate the remainder when 14785 is divided by 75.
10
What is the remainder when 205684 is divided by 13?
11
Calculate the remainder when 135912 is divided by 199.
194
What is the remainder when 811 is divided by 557?
254
Calculate the remainder when 2211 is divided by 483.
279
Calculate the remainder when 892822 is divided by 71.
68
Calculate the remainder when 61044 is divided by 63.
60
Calculate the remainder when 22278 is divided by 2771.
110
What is the remainder when 17501 is divided by 287?
281
Calculate the remainder when 5729 is divided by 2191.
1347
Calculate the remainder when 715 is divided by 107.
73
What is the remainder when 325278 is divided by 40?
38
What is the remainder when 11102 is divided by 3654?
140
What is the remainder when 330137 is divided by 1659?
1655
What is the remainder when 6002 is divided by 5393?
609
What is the remainder when 9199 is divided by 2823?
730
What is the remainder when 3900 is divided by 375?
150
What is the remainder when 5738 is divided by 281?
118
What is the remainder when 96708 is divided by 50?
8
What is the remainder when 780 is divided by 297?
186
What is the remainder when 571960 is divided by 255?
250
Calculate the remainder when 1900198 is divided by 600.
598
What is the remainder when 4458 is divided by 406?
398
Calculate the remainder when 315935 is divided by 144.
143
Calculate the remainder when 823 is divided by 62.
17
Calculate the remainder when 10201 is divided by 695.
471
What is the remainder when 3468 is divided by 352?
300
What is the remainder when 1788 is divided by 575?
63
What is the remainder when 175958 is divided by 179?
1
What is the remainder when 1506 is divided by 883?
623
Calculate the remainder when 19805 is divided by 553.
450
Calculate the remainder when 802 is divided by 291.
220
Calculate the remainder when 77846 is divided by 231.
230
What is the remainder when 276 is divided by 250?
26
What is the remainder when 5130 is divided by 306?
234
Calculate the remainder when 10637 is divided by 52.
29
What is the remainder when 1928 is divided by 31?
6
Calculate the remainder when 64219 is divided by 1947.
1915
Calculate the remainder when 218290 is divided by 891.
886
What is the remainder when 4559 is divided by 17?
3
Calculate the remainder when 21966 is divided by 151.
71
Calculate the remainder when 67145 is divided by 1765.
75
What is the remainder when 34816 is divided by 1794?
730
Calculate the remainder when 31486 is divided by 107.
28
Calculate the remainder when 5089 is divided by 1070.
809
Calculate the remainder when 1827 is divided by 504.
315
What is the remainder when 986 is divided by 61?
10
Calculate the remainder when 8692 is divided by 1265.
1102
Calculate the remainder when 4772 is divided by 434.
432
What is the remainder when 255505 is divided by 197?
193
What is the remainder when 66135 is divided by 302?
299
Calculate the remainder when 5960 is divided by 5926.
34
What is the remainder when 31029 is divided by 7757?
1
What is the remainder when 2012930 is divided by 22?
18
Calculate the remainder when 21250 is divided by 50.
0
What is the remainder when 1338673 is divided by 75?
73
What is the remainder when 40917 is divided by 10?
7
What is the remainder when 26138 is divided by 88?
2
What is the remainder when 9847 is divided by 9822?
25
What is the remainder when 40416 is divided by 2689?
81
Calculate the remainder when 235533 is divided by 48.
45
What is the remainder when 14430 is divided by 68?
14
What is the remainder when 4594 is divided by 602?
380
Calculate the remainder when 6776 is divided by 40.
16
Calculate the remainder when 4889 is divided by 556.
441